{"id":17,"date":"2013-03-29T11:29:27","date_gmt":"2013-03-29T11:29:27","guid":{"rendered":"http:\/\/oscarbribian.com\/?page_id=17"},"modified":"2016-10-18T08:23:39","modified_gmt":"2016-10-18T06:23:39","slug":"en-el-zulo","status":"publish","type":"page","link":"http:\/\/oscarbribian.com\/?page_id=17","title":{"rendered":"En el zulo"},"content":{"rendered":"<p>El c\u00f3mic de intriga\u00a0<em>En el zulo<\/em>\u00a0(obra ganadora del Premio de Creaci\u00f3n Joven de Arag\u00f3n 2010),\u00a0ha sido publicado en formato impreso (B\/N) y en digital por la editorial Saco de Huesos.<\/p>\n<p align=\"left\">Autores: \u00d3scar Bribi\u00e1n (guionista) y Carlos Bribi\u00e1n (ilustrador)<\/p>\n<p align=\"left\">Precio: 10 Euros (<a href=\"http:\/\/sacodehuesos.com\/taradana\/en-el-zulo\" target=\"_blank\">versi\u00f3n impresa<\/a>); 1,78 Euros (<a href=\"http:\/\/www.amazon.es\/En-zulo-Saco-huesos-Ediciones-ebook\/dp\/B008FRWEGI\/ref=sr_1_2?ie=UTF8&amp;qid=1412471157&amp;sr=8-2&amp;keywords=en+el+zulo\" target=\"_blank\">versi\u00f3n digital<\/a>)<\/p>\n<p align=\"left\">P\u00e1ginas: 50 (m\u00e1s contenidos extras -esbozos, proceso de creaci\u00f3n, etc.- en la versi\u00f3n impresa, de 68 p\u00e1ginas)<\/p>\n<p><a title=\"En el zulo\" href=\"http:\/\/www.amazon.es\/zulo-Saco-huesos-Ediciones-ebook\/dp\/B008FRWEGI\/ref=sr_1_3?ie=UTF8&amp;qid=1343944546&amp;sr=8-3\" target=\"_blank\"><img data-recalc-dims=\"1\" loading=\"lazy\" decoding=\"async\" src=\"https:\/\/i0.wp.com\/oscarbribian.com\/wp-content\/uploads\/2013\/03\/enelzulo_banner.jpg?resize=600%2C250\" alt=\"enelzulo_banner\" width=\"600\" height=\"250\" \/><\/a><\/p>\n<p style=\"text-align: center;\">\u00a0<strong>SINOPSIS<\/strong><\/p>\n<p align=\"justify\">Gregorio S\u00e1nchez despierta en el interior de un zulo y desconoce qui\u00e9n ha podido secuestrarlo. Tampoco sabe el motivo. Su encierro ser\u00e1 una aut\u00e9ntica batalla contra la demencia, mientras busca las respuestas inmerso en una situaci\u00f3n de pesadilla.<\/p>\n<p>&nbsp;<\/p>\n<p><em>\u00bfUn hombre encerrado en un zulo? \u00bfuna mente atrapada en un cuerpo? \u00bfUn individuo deglutido por la masa? Un mundo de malvados sin rostro. Cobardes sin conciencia. Una met\u00e1fora de la sociedad actual, agobiante, opresiva, terror\u00edfica.\u00a0Un lugar desconocido, oculto, asfixiante, nos descubre a unos\u00a0hermanos Bribi\u00e1n, m\u00e1s oscuros que nunca.<\/em><\/p>\n<p><strong>Juan\u00a0Royo<\/strong><br \/>\n(Premio Popular a la Divulgaci\u00f3n del C\u00f3mic en el 29\u00ba Sal\u00f3n Internacional del C\u00f3mic de Barcelona)<\/p>\n<p>Si quieres saber m\u00e1s, entra en:\u00a0<a href=\"http:\/\/www.enelzulocomic.blogspot.com.es\/\" target=\"_blank\">http:\/\/www.enelzulocomic.blogspot.com.es\/<\/a><\/p>\n<p><span style=\"color: #ff0000;\">Disponible en\u00a0<a href=\"http:\/\/www.amazon.es\/zulo-Saco-huesos-Ediciones-ebook\/dp\/B008FRWEGI\/ref=sr_1_3?ie=UTF8&amp;qid=1343944546&amp;sr=8-3\" target=\"_blank\"><span style=\"color: #ff0000;\">Amazon\u00a0<\/span><\/a>para Kindle.<\/span><\/p>\n<p><span style=\"color: #ff0000;\">Disponible en la web de la editorial\u00a0<a href=\"http:\/\/sacodehuesos.com\/taradana\/en-el-zulo\" target=\"_blank\"><span style=\"color: #ff0000;\">Saco de Huesos<\/span><\/a>\u00a0en varios formatos (.mobi, .pdf y .epub) por 1,73\u20ac y de forma impresa por 10 \u20ac (incluidos los gastos de env\u00edo).<\/span><\/p>\n","protected":false},"excerpt":{"rendered":"<p>El c\u00f3mic de intriga\u00a0En el zulo\u00a0(obra ganadora del Premio de Creaci\u00f3n Joven de Arag\u00f3n 2010),\u00a0ha sido publicado en formato impreso (B\/N) y en digital por la editorial Saco de Huesos. Autores: \u00d3scar Bribi\u00e1n (guionista) y Carlos Bribi\u00e1n (ilustrador) Precio: 10 &hellip; <a href=\"http:\/\/oscarbribian.com\/?page_id=17\">Sigue leyendo <span class=\"meta-nav\">&rarr;<\/span><\/a><\/p>\n","protected":false},"author":1,"featured_media":0,"parent":9,"menu_order":0,"comment_status":"open","ping_status":"open","template":"","meta":{"jetpack_post_was_ever_published":false,"footnotes":""},"class_list":["post-17","page","type-page","status-publish","hentry"],"jetpack_sharing_enabled":true,"jetpack_shortlink":"https:\/\/wp.me\/P9NjCT-h","jetpack_likes_enabled":true,"jetpack-related-posts":[],"_links":{"self":[{"href":"http:\/\/oscarbribian.com\/index.php?rest_route=\/wp\/v2\/pages\/17","targetHints":{"allow":["GET"]}}],"collection":[{"href":"http:\/\/oscarbribian.com\/index.php?rest_route=\/wp\/v2\/pages"}],"about":[{"href":"http:\/\/oscarbribian.com\/index.php?rest_route=\/wp\/v2\/types\/page"}],"author":[{"embeddable":true,"href":"http:\/\/oscarbribian.com\/index.php?rest_route=\/wp\/v2\/users\/1"}],"replies":[{"embeddable":true,"href":"http:\/\/oscarbribian.com\/index.php?rest_route=%2Fwp%2Fv2%2Fcomments&post=17"}],"version-history":[{"count":6,"href":"http:\/\/oscarbribian.com\/index.php?rest_route=\/wp\/v2\/pages\/17\/revisions"}],"predecessor-version":[{"id":932,"href":"http:\/\/oscarbribian.com\/index.php?rest_route=\/wp\/v2\/pages\/17\/revisions\/932"}],"up":[{"embeddable":true,"href":"http:\/\/oscarbribian.com\/index.php?rest_route=\/wp\/v2\/pages\/9"}],"wp:attachment":[{"href":"http:\/\/oscarbribian.com\/index.php?rest_route=%2Fwp%2Fv2%2Fmedia&parent=17"}],"curies":[{"name":"wp","href":"https:\/\/api.w.org\/{rel}","templated":true}]}}