{"id":20,"date":"2013-03-29T11:29:40","date_gmt":"2013-03-29T11:29:40","guid":{"rendered":"http:\/\/oscarbribian.com\/?page_id=20"},"modified":"2016-10-18T08:22:40","modified_gmt":"2016-10-18T06:22:40","slug":"nuevas-leyendas-aragonesas","status":"publish","type":"page","link":"http:\/\/oscarbribian.com\/?page_id=20","title":{"rendered":"Nuevas leyendas aragonesas"},"content":{"rendered":"<p><a href=\"https:\/\/i0.wp.com\/oscarbribian.com\/wp-content\/uploads\/2013\/03\/portada_libro_p.jpg\"><img data-recalc-dims=\"1\" loading=\"lazy\" decoding=\"async\" data-attachment-id=\"83\" data-permalink=\"http:\/\/oscarbribian.com\/?attachment_id=83\" data-orig-file=\"https:\/\/i0.wp.com\/oscarbribian.com\/wp-content\/uploads\/2013\/03\/portada_libro_p.jpg?fit=267%2C401\" data-orig-size=\"267,401\" data-comments-opened=\"1\" data-image-meta=\"{&quot;aperture&quot;:&quot;0&quot;,&quot;credit&quot;:&quot;&quot;,&quot;camera&quot;:&quot;&quot;,&quot;caption&quot;:&quot;&quot;,&quot;created_timestamp&quot;:&quot;0&quot;,&quot;copyright&quot;:&quot;&quot;,&quot;focal_length&quot;:&quot;0&quot;,&quot;iso&quot;:&quot;0&quot;,&quot;shutter_speed&quot;:&quot;0&quot;,&quot;title&quot;:&quot;&quot;}\" data-image-title=\"portada_libro_p\" data-image-description=\"\" data-image-caption=\"\" data-large-file=\"https:\/\/i0.wp.com\/oscarbribian.com\/wp-content\/uploads\/2013\/03\/portada_libro_p.jpg?fit=267%2C401\" class=\"size-full wp-image-83 alignleft\" src=\"https:\/\/i0.wp.com\/oscarbribian.com\/wp-content\/uploads\/2013\/03\/portada_libro_p.jpg?resize=267%2C401\" alt=\"portada_libro_p\" width=\"267\" height=\"401\" srcset=\"https:\/\/i0.wp.com\/oscarbribian.com\/wp-content\/uploads\/2013\/03\/portada_libro_p.jpg?w=267 267w, https:\/\/i0.wp.com\/oscarbribian.com\/wp-content\/uploads\/2013\/03\/portada_libro_p.jpg?resize=199%2C300 199w\" sizes=\"auto, (max-width: 267px) 100vw, 267px\" \/><\/a><\/p>\n<p>Precio libro impreso en librer\u00edas: 18 \u20ac (<a title=\"Compra Nuevas leyendas aragonesas\" href=\"http:\/\/www.casadellibro.com\/libro-nuevas-leyendas-aragonesas\/9788484653899\/1867305\" target=\"_blank\">Casa del libro<\/a>)<\/p>\n<p>P\u00e1ginas: 307<\/p>\n<p><strong>SINOPSIS:<\/strong><\/p>\n<p>No todas las leyendas son conocidas. Muchas yacen escondidas en las almas de los temerosos, otras nunca han sido contadas por respeto ancestral, y algunas est\u00e1n por suceder.<\/p>\n<p>Ahora tenemos la ocasi\u00f3n de descubrir seis leyendas que han permanecido ocultas hasta la actualidad. De adentrarnos en temores primigenios, historias encubiertas, amores inadecuados, ramalazos de violencia, temores, anhelos y odio.<\/p>\n<p>Seis autores aragoneses (\u00d3scar Bribi\u00e1n, David Jasso, Roberto Malo, Ferm\u00edn Moreno, Jos\u00e9 Mar\u00eda Tamparillas y Juan \u00c1ngel Laguna Edroso) descubren leyendas que nunca antes hab\u00edan sido reveladas. Y todas ellas con un denominador com\u00fan: transcurren en nuestra tierra aragonesa, en los m\u00e1s insospechados rincones de nuestra geograf\u00eda, desde la calle Alfonso de Zaragoza, hasta un perdido pueblecito de Teruel, desde los Pirineos hasta<\/p>\n<p>las plazoletas de Huesca&#8230;<\/p>\n<p>Y cada autor dota a su leyenda de su propia impronta personal, hay tragedias, historias de violencia, cantos a la esperanza, relatos aterradores o cuentos humor\u00edsticos&#8230;<\/p>\n<p>Pero lo m\u00e1s importante de esta antolog\u00eda es que en lo m\u00e1s rec\u00f3ndito de nuestros corazones sabemos que todas esas leyendas son ciertas (\u00bfqu\u00e9 delgada l\u00ednea separa la f\u00e1bula, el mito, de lo que entendemos como realidad?), y que la magia de la literatura propiciar\u00e1 que a partir de ahora formen parte del acervo legendario de Arag\u00f3n.<\/p>\n<p>Descubre tus propias leyendas.<\/p>\n<p>&nbsp;<\/p>\n<p align=\"justify\"><span style=\"color: #ff0000;\">\u00ab<em>Por\u00a0<\/em><\/span><span style=\"color: #ff0000;\"><em>valor literario, amenidad y potencial evocativo \u201cNuevas leyendas aragonesas\u201d es una de las mejores antolog\u00edas que he tenido ocasi\u00f3n de leer.<\/em>\u00bb\u00a0<strong>Sergio Mars<\/strong>\u00a0(Rescepto)<\/span><\/p>\n<p align=\"justify\"><span style=\"color: #ff0000;\">\u00ab<em>Libro magn\u00edfico porque se nota que los autores han cre\u00eddo en el proyecto com\u00fan y han puesto a su servicio el compromiso de su experiencia y su imaginaci\u00f3n, el rigor de su trabajo y la brillantez de su escritura.<\/em>\u00bb\u00a0<strong>Luis Borr\u00e1s<\/strong>\u00a0(Diario del Alto Arag\u00f3n)<\/span><\/p>\n<p>Algunas cr\u00edticas recibidas:<\/p>\n<p><a href=\"http:\/\/www.casadelibrosperdidos.com\/2011\/11\/nuevas-leyendas-aragonesas-varios.html\" target=\"_blank\">http:\/\/www.casadelibrosperdidos.com\/2011\/11\/nuevas-leyendas-aragonesas-varios.html<\/a><\/p>\n<p><a href=\"http:\/\/www.revistaprotesis.com\/2011\/07\/nuevas-leyendas-aragonesas-vvaa.html\" target=\"_blank\">http:\/\/www.revistaprotesis.com\/2011\/07\/nuevas-leyendas-aragonesas-vvaa.html<\/a><\/p>\n<p><a href=\"http:\/\/rescepto.wordpress.com\/2011\/07\/05\/nuevas-leyendas-aragonesas\/\" target=\"_blank\">http:\/\/rescepto.wordpress.com\/2011\/07\/05\/nuevas-leyendas-aragonesas\/<\/a><a href=\"http:\/\/www.h-horror.com\/Other\/libros\/pdf%20libros%20h-horror\/nuevas_leyendas_aragonesas.pdf\" target=\"_blank\"><span style=\"font-size: 0.8em; color: #504e53;\">\u00a0<\/span><\/a><\/p>\n","protected":false},"excerpt":{"rendered":"<p>Precio libro impreso en librer\u00edas: 18 \u20ac (Casa del libro) P\u00e1ginas: 307 SINOPSIS: No todas las leyendas son conocidas. Muchas yacen escondidas en las almas de los temerosos, otras nunca han sido contadas por respeto ancestral, y algunas est\u00e1n por &hellip; <a href=\"http:\/\/oscarbribian.com\/?page_id=20\">Sigue leyendo <span class=\"meta-nav\">&rarr;<\/span><\/a><\/p>\n","protected":false},"author":1,"featured_media":0,"parent":9,"menu_order":0,"comment_status":"open","ping_status":"open","template":"","meta":{"jetpack_post_was_ever_published":false,"footnotes":""},"class_list":["post-20","page","type-page","status-publish","hentry"],"jetpack_sharing_enabled":true,"jetpack_shortlink":"https:\/\/wp.me\/P9NjCT-k","jetpack_likes_enabled":true,"jetpack-related-posts":[],"_links":{"self":[{"href":"http:\/\/oscarbribian.com\/index.php?rest_route=\/wp\/v2\/pages\/20","targetHints":{"allow":["GET"]}}],"collection":[{"href":"http:\/\/oscarbribian.com\/index.php?rest_route=\/wp\/v2\/pages"}],"about":[{"href":"http:\/\/oscarbribian.com\/index.php?rest_route=\/wp\/v2\/types\/page"}],"author":[{"embeddable":true,"href":"http:\/\/oscarbribian.com\/index.php?rest_route=\/wp\/v2\/users\/1"}],"replies":[{"embeddable":true,"href":"http:\/\/oscarbribian.com\/index.php?rest_route=%2Fwp%2Fv2%2Fcomments&post=20"}],"version-history":[{"count":6,"href":"http:\/\/oscarbribian.com\/index.php?rest_route=\/wp\/v2\/pages\/20\/revisions"}],"predecessor-version":[{"id":1128,"href":"http:\/\/oscarbribian.com\/index.php?rest_route=\/wp\/v2\/pages\/20\/revisions\/1128"}],"up":[{"embeddable":true,"href":"http:\/\/oscarbribian.com\/index.php?rest_route=\/wp\/v2\/pages\/9"}],"wp:attachment":[{"href":"http:\/\/oscarbribian.com\/index.php?rest_route=%2Fwp%2Fv2%2Fmedia&parent=20"}],"curies":[{"name":"wp","href":"https:\/\/api.w.org\/{rel}","templated":true}]}}