{"id":8,"date":"2013-03-29T11:26:10","date_gmt":"2013-03-29T11:26:10","guid":{"rendered":"http:\/\/oscarbribian.com\/?page_id=8"},"modified":"2016-10-18T08:24:59","modified_gmt":"2016-10-18T06:24:59","slug":"biografia","status":"publish","type":"page","link":"http:\/\/oscarbribian.com\/?page_id=8","title":{"rendered":"Biograf\u00eda"},"content":{"rendered":"<p>&nbsp;<\/p>\n<p>\u00d3scar Bribi\u00e1n (Huesca, 1979) reside en Zaragoza.<\/p>\n<p>Graduado en Relaciones Laborales y Recursos Humanos por la Universidad de Zaragoza. Diplomado en Administraci\u00f3n de Empresas por la ESAE (Escuela Superior de Administraci\u00f3n de Empresas). Tambi\u00e9n se confiesa interesado por la Criminolog\u00eda, la\u00a0Historia, la Sociolog\u00eda\u00a0y los juegos de mesa y estrategia.<\/p>\n<p>&nbsp;<\/p>\n<p><span style=\"color: #ff0000;\"><strong>LIBROS PUBLICADOS:<\/strong><\/span><\/p>\n<p>Novela: <strong>El secreto de Dedalus<\/strong> (Saco de Huesos, 2016)<\/p>\n<p>Novela: <strong>El sue\u00f1o del depredador<\/strong> (Vers\u00e1til, 2014)<\/p>\n<p>C\u00f3mic (como guionista):\u00a0<em><strong>En el zulo<\/strong><\/em> (Saco de Huesos, 2012)<\/p>\n<p>Novela:\u00a0<em><strong>Raazbal<\/strong> <\/em>(Grupo AJEC, 2010)<\/p>\n<p>Libro de relatos:\u00a0<strong><em>Mentes perversas<\/em><\/strong> (Mira Editores, 2009)<\/p>\n<p>&nbsp;<\/p>\n<address><span style=\"color: #ff0000;\"><strong>PREMIOS LITERARIOS:<\/strong><\/span><\/address>\n<address>\u00a0<\/address>\n<p>-Ganador del Premio de novela Entreescritores (2014)<\/p>\n<p>-Ganador del XXXI Certamen Nacional de relato Castillo de San Fernando (2013)<\/p>\n<p>-Ganador del Premio Heraldo.es de relato breve (2013)<\/p>\n<p>-Finalista del Premio Domingo Santos de novela (2012)<\/p>\n<p>-Ganador del Premio Heraldo.es de relato breve (2011)<\/p>\n<p>-Finalista del Premio Domingo Santos de relato (2010)<\/p>\n<p>-Ganador del Certamen de Creaci\u00f3n Joven de Arag\u00f3n (2010), como guionista del c\u00f3mic \u00abEn el zulo\u201d.<\/p>\n<p>-Ganador del III premio Liter de relato (2008)<\/p>\n<p>-Finalista del certamen I Monstruos de la Raz\u00f3n (2008)<\/p>\n<p>-2\u00ba premio del XVII Internacional Villa de Iniesta (2007)<\/p>\n<p>-Finalista en II Certamen Domingo Garc\u00eda (2003)<\/p>\n<p>-Finalista en I Certamen Domingo Garc\u00eda (2002)<\/p>\n<p>&nbsp;<\/p>\n<p><span style=\"color: #ff0000;\"><strong>OTRAS MENCIONES LITERARIAS:<\/strong><\/span><\/p>\n<p>Ha realizado decenas de\u00a0rese\u00f1as literarias para portales culturales como <em>Ociozero<\/em>,\u00a0<em>Anika entre libros, Culturamas, Rese\u00f1a.org\u00a0<\/em>y la revista <em>Narrativas<\/em>.<\/p>\n<p>Fundador y director de la revista literaria <em>Oxigen<\/em> desde enero del 2002 hasta agosto del 2006<\/p>\n<p><strong>Publicaciones en antolog\u00edas a la venta:<\/strong><br \/>\n<em>Espa\u00f1a Criminal<\/em> (2012), <em>Insomnia<\/em> (2012) <em>Nuevas leyendas aragonesas<\/em> (2011), <em>Uni-versos para Somalia<\/em> (2011),\u00a0<em>Calabazas en el trastero: especial Zaragoza<\/em> (2010), <em>Calabazas en el trastero: especial Poe<\/em> (2009), <em>Versos sin bandera<\/em> (2009), <em>Recopilaci\u00f3n Domingo Garc\u00eda<\/em> (2002 y 2003).<\/p>\n<p><strong>Colaboraciones en publicaciones impresas con ISSN:<\/strong><br \/>\n<em>Habitando el olvido<\/em> (Cuenca); <em>T\u00e1ntalo<\/em> (C\u00e1diz); <em>Luces y Sombras<\/em> (Navarra);\u00a0<em>Nitecuento<\/em> (Barcelona); <em>Im\u00e1n<\/em> (Zaragoza); <em>Amalgama<\/em> (C\u00e1diz); <em>El hocino<\/em> (Teruel); <em>T\u00edtulo<\/em> (Galicia); <em>Poes\u00eda picarral<\/em> 1996-2005<\/p>\n<p><strong>Relatos, poemas y art\u00edculos en las siguientes revistas y portales digitales:<\/strong><br \/>\n<em>EOM-Eld\u00edgoras, Letralia, Narrativas, Anika entre libros, Ociozero, Artifex, Valvanera, Nuevo Mundo (NM), Scifiworld, Rampa, Letras Perdidas, La Tecla, Poes\u00eda+Letras, Rampa, El Arco de la Rosa, Revista Voces, El Ebro, Almiar-Margencero, Proyecto Mizares, Cr\u00f3nica Literaria, Oxigen, Valvanera, Antropo\u00e9tica, Elfos, Espacio Luke, NGC 3660, Biblioteca Virtual Cervantes, Shiboleth<\/em>, etc.<\/p>\n<p>&nbsp;<\/p>\n","protected":false},"excerpt":{"rendered":"<p>&nbsp; \u00d3scar Bribi\u00e1n (Huesca, 1979) reside en Zaragoza. Graduado en Relaciones Laborales y Recursos Humanos por la Universidad de Zaragoza. Diplomado en Administraci\u00f3n de Empresas por la ESAE (Escuela Superior de Administraci\u00f3n de Empresas). Tambi\u00e9n se confiesa interesado por la &hellip; <a href=\"http:\/\/oscarbribian.com\/?page_id=8\">Sigue leyendo <span class=\"meta-nav\">&rarr;<\/span><\/a><\/p>\n","protected":false},"author":1,"featured_media":0,"parent":0,"menu_order":0,"comment_status":"open","ping_status":"open","template":"","meta":{"jetpack_post_was_ever_published":false,"footnotes":""},"class_list":["post-8","page","type-page","status-publish","hentry"],"jetpack_sharing_enabled":true,"jetpack_shortlink":"https:\/\/wp.me\/P9NjCT-8","jetpack_likes_enabled":true,"jetpack-related-posts":[],"_links":{"self":[{"href":"http:\/\/oscarbribian.com\/index.php?rest_route=\/wp\/v2\/pages\/8","targetHints":{"allow":["GET"]}}],"collection":[{"href":"http:\/\/oscarbribian.com\/index.php?rest_route=\/wp\/v2\/pages"}],"about":[{"href":"http:\/\/oscarbribian.com\/index.php?rest_route=\/wp\/v2\/types\/page"}],"author":[{"embeddable":true,"href":"http:\/\/oscarbribian.com\/index.php?rest_route=\/wp\/v2\/users\/1"}],"replies":[{"embeddable":true,"href":"http:\/\/oscarbribian.com\/index.php?rest_route=%2Fwp%2Fv2%2Fcomments&post=8"}],"version-history":[{"count":26,"href":"http:\/\/oscarbribian.com\/index.php?rest_route=\/wp\/v2\/pages\/8\/revisions"}],"predecessor-version":[{"id":1130,"href":"http:\/\/oscarbribian.com\/index.php?rest_route=\/wp\/v2\/pages\/8\/revisions\/1130"}],"wp:attachment":[{"href":"http:\/\/oscarbribian.com\/index.php?rest_route=%2Fwp%2Fv2%2Fmedia&parent=8"}],"curies":[{"name":"wp","href":"https:\/\/api.w.org\/{rel}","templated":true}]}}

Biografía

<p>&nbsp;</p>
<p>Óscar Bribián (Huesca, 1979) reside en Zaragoza.</p>
<p>Graduado en Relaciones Laborales y Recursos Humanos por la Universidad de Zaragoza. Diplomado en Administración de Empresas por la ESAE (Escuela Superior de Administración de Empresas). También se confiesa interesado por la Criminología, la Historia, la Sociología y los juegos de mesa y estrategia.</p>
<p>&nbsp;</p>
<p><span style="color: #ff0000;"><strong>LIBROS PUBLICADOS:</strong></span></p>
<p>Novela: <strong>El secreto de Dedalus</strong> (Saco de Huesos, 2016)</p>
<p>Novela: <strong>El sueño del depredador</strong> (Versátil, 2014)</p>
<p>Cómic (como guionista): <em><strong>En el zulo</strong></em> (Saco de Huesos, 2012)</p>
<p>Novela: <em><strong>Raazbal</strong> </em>(Grupo AJEC, 2010)</p>
<p>Libro de relatos: <strong><em>Mentes perversas</em></strong> (Mira Editores, 2009)</p>
<p>&nbsp;</p>
<address><span style="color: #ff0000;"><strong>PREMIOS LITERARIOS:</strong></span></address>
<address> </address>
<p>-Ganador del Premio de novela Entreescritores (2014)</p>
<p>-Ganador del XXXI Certamen Nacional de relato Castillo de San Fernando (2013)</p>
<p>-Ganador del Premio Heraldo.es de relato breve (2013)</p>
<p>-Finalista del Premio Domingo Santos de novela (2012)</p>
<p>-Ganador del Premio Heraldo.es de relato breve (2011)</p>
<p>-Finalista del Premio Domingo Santos de relato (2010)</p>
<p>-Ganador del Certamen de Creación Joven de Aragón (2010), como guionista del cómic «En el zulo”.</p>
<p>-Ganador del III premio Liter de relato (2008)</p>
<p>-Finalista del certamen I Monstruos de la Razón (2008)</p>
<p>-2º premio del XVII Internacional Villa de Iniesta (2007)</p>
<p>-Finalista en II Certamen Domingo García (2003)</p>
<p>-Finalista en I Certamen Domingo García (2002)</p>
<p>&nbsp;</p>
<p><span style="color: #ff0000;"><strong>OTRAS MENCIONES LITERARIAS:</strong></span></p>
<p>Ha realizado decenas de reseñas literarias para portales culturales como <em>Ociozero</em>, <em>Anika entre libros, Culturamas, Reseña.org </em>y la revista <em>Narrativas</em>.</p>
<p>Fundador y director de la revista literaria <em>Oxigen</em> desde enero del 2002 hasta agosto del 2006</p>
<p><strong>Publicaciones en antologías a la venta:</strong><br />
<em>España Criminal</em> (2012), <em>Insomnia</em> (2012) <em>Nuevas leyendas aragonesas</em> (2011), <em>Uni-versos para Somalia</em> (2011), <em>Calabazas en el trastero: especial Zaragoza</em> (2010), <em>Calabazas en el trastero: especial Poe</em> (2009), <em>Versos sin bandera</em> (2009), <em>Recopilación Domingo García</em> (2002 y 2003).</p>
<p><strong>Colaboraciones en publicaciones impresas con ISSN:</strong><br />
<em>Habitando el olvido</em> (Cuenca); <em>Tántalo</em> (Cádiz); <em>Luces y Sombras</em> (Navarra); <em>Nitecuento</em> (Barcelona); <em>Imán</em> (Zaragoza); <em>Amalgama</em> (Cádiz); <em>El hocino</em> (Teruel); <em>Título</em> (Galicia); <em>Poesía picarral</em> 1996-2005</p>
<p><strong>Relatos, poemas y artículos en las siguientes revistas y portales digitales:</strong><br />
<em>EOM-Eldígoras, Letralia, Narrativas, Anika entre libros, Ociozero, Artifex, Valvanera, Nuevo Mundo (NM), Scifiworld, Rampa, Letras Perdidas, La Tecla, Poesía+Letras, Rampa, El Arco de la Rosa, Revista Voces, El Ebro, Almiar-Margencero, Proyecto Mizares, Crónica Literaria, Oxigen, Valvanera, Antropoética, Elfos, Espacio Luke, NGC 3660, Biblioteca Virtual Cervantes, Shiboleth</em>, etc.</p>
<p>&nbsp;</p>

<p>&nbsp; Óscar Bribián (Huesca, 1979) reside en Zaragoza. Graduado en Relaciones Laborales y Recursos Humanos por la Universidad de Zaragoza. Diplomado en Administración de Empresas por la ESAE (Escuela Superior de Administración de Empresas). También se confiesa interesado por la &hellip; <a href="http://oscarbribian.com/?page_id=8">Sigue leyendo <span class="meta-nav">&rarr;</span></a></p>
